(g) = 35*g**3 + 7*g - 8. Determine d(1).
34
Let g(m) = 10*m**2 - 6. Determine g(-2).
34
Let p(z) = z**2 + 10*z - 80. Give p(-15).
-5
Let t(c) = 944*c + 7580. Give t(-8).
28
Let x(p) = -p**2 - 12*p + 130. Determine x(0).
130
Let l(d) = -d**2 - 14*d - 37. Give l(-12).
-13
Let f(s) = 7*s**3 - 26*s**2 - 45*s + 147. What is f(4)?
-1
Let o(n) = 17*n**2 + 89*n - 90. What is o(1)?
16
Let r(a) = a**3 - 8*a**2 + 14*a + 4. Calculate r(3).
1
Let p(x) = 3*x**3 + 36*x**2 - 43*x - 29. What is p(-13)?
23
Let p(z) = z**3 + 13*z**2 + 9*z + 51. Determine p(-13).
-66
Let t(l) = -2*l**3 + 5*l**2 + 28*l - 89. What is t(6)?
-173
Let w(q) = 7*q**3 + 379*q**2 + 54*q + 9. Calculate w(-54).
9
Let f(q) = -33*q - 6. Determine f(4).
-138
Let a(n) = -3*n**3 + 224*n**2 + 75*n - 46. Calculate a(75).
-46
Let q(y) = y**2 - 36*y + 34. What is q(33)?
-65
Let y(p) = 2*p**3 - 31*p**2 + 16. Give y(13).
-829
Let p(f) = -f**3 + 10*f**2 - 34*f - 26. What is p(14)?
-1286
Let a(o) = 74*o - 1410. Give a(19).
-4
Let i(q) = -324*q - 24941. Give i(-77).
7
Let h(x) = x**3 + 52*x**2 + 27*x + 1441. Calculate h(-52).
37
Let x(h) = -23*h - 85. Give x(0).
-85
Let z(k) = -17*k**2 + 341*k - 23. Determine z(20).
-3
Let m(w) = 14*w**2 + 294*w + 48. Give m(-21).
48
Let a(c) = -c**3 + 80*c**2 + 139*c + 2063. Give a(82).
13
Let k(b) = b**2 - 90*b - 5894. Give k(134).
2
Let x(o) = -36*o - 396. Give x(-13).
72
Let y(z) = -27*z**2 - 1293*z + 11. What is y(-48)?
-133
Let d(x) = x**2 + 636*x + 1271. Determine d(-2).
3
Let k(x) = -130*x + 4. Determine k(0).
4
Let w(o) = 10*o**3 + 52*o**2 - 49*o - 11. Calculate w(-6).
-5
Let b(o) = -4*o**2 - 16*o + 46. Determine b(-8).
-82
Let q(v) = 341*v - 1358. Calculate q(4).
6
Let k(v) = v**2 - 9*v - 74. Determine k(14).
-4
Let n(l) = -36*l - 218. Calculate n(-3).
-110
Let w(j) = 18*j**3 - 8*j**2 - 11*j - 7. Calculate w(-2).
-161
Let c(z) = z**3 - 19*z**2 - 98*z + 133. Calculate c(23).
-5
Let d(k) = k**2 - 14*k + 45. Determine d(15).
60
Let s(p) = -p**3 - 54*p**2 - 71*p + 1716. What is s(-52)?
0
Let b(o) = -2*o**3 - 19*o**2 + 33*o + 1. What is b(2)?
-25
Let r(c) = -70*c + 1912. What is r(28)?
-48
Let p(c) = -c**3 + 20*c**2 - 45*c - 111. Give p(17).
-9
Let u(x) = -5*x**3 - 9*x**2 - 9*x + 2. Calculate u(-4).
214
Let v(s) = 309*s - 1857. Give v(6).
-3
Let s(h) = 7*h**3 - 49*h**2 + 14*h - 95. Determine s(7).
3
Let m(t) = -49*t + 921. What is m(19)?
-10
Let o(j) = -j**3 - 9*j**2 - 27*j - 181. Determine o(-8).
-29
Let o(y) = -33*y**2 + 5032*y - 2428. Calculate o(152).
4
Let s(m) = -129*m + 120. What is s(0)?
120
Let u(x) = -x**2 - 18*x + 688. Give u(-37).
-15
Let t(g) = -142*g - 1138. Calculate t(-8).
-2
Let i(f) = f**3 - 55*f**2 - 4*f + 226. Give i(55).
6
Let d(x) = -13*x**3 - 547*x**2 - 22*x + 848. Determine d(-42).
8
Let h(d) = -2*d**3 - 50*d**2 + 2*d + 49. Give h(-25).
-1
Let c(w) = -186*w - 46139. Calculate c(-248).
-11
Let a(f) = f**3 + f**2 - 82*f + 6. Give a(0).
6
Let i(d) = 5*d**3 - d**2 + 20*d + 36. Give i(-2).
-48
Let b(f) = 38*f + 6366. What is b(-168)?
-18
Let x(q) = -q**3 - 97*q**2 - 97*q - 96. Calculate x(-96).
0
Let m(s) = 2*s**2 + 62*s + 397. Determine m(-22).
1
Let o(u) = u**3 + 80*u**2 - 152*u + 970. Calculate o(-82).
-14
Let u(q) = -905*q - 3617. Calculate u(-4).
3
Let m(d) = -d**3 - 10*d**2 - 3*d + 131. Determine m(-6).
5
Let q(f) = -8*f**2 - 48*f - 44. Calculate q(-4).
20
Let x(u) = -72*u + 6140. Determine x(85).
20
Let w(v) = -13*v - 85. Calculate w(-6).
-7
Let n(d) = -3*d**2 - 57*d - 14. What is n(-14)?
196
Let m(u) = u**3 - 20*u**2 - 49*u - 88. What is m(22)?
-198
Let u(d) = -d**3 - 251*d**2 + 1758*d + 333. Calculate u(7).
-3
Let n(g) = g**3 + 5*g**2 - 356*g + 341. What is n(16)?
21
Let r(l) = 54*l + 201. Determine r(-4).
-15
Let c(h) = 121*h - 1374. Calculate c(11).
-43
Let t(g) = -19*g + 822. What is t(27)?
309
Let m(c) = -9787*c + 58728. Give m(6).
6
Let t(r) = 14*r**2 - 28*r - 41. Give t(6).
295
Let g(h) = -390*h - 3545. Give g(-9).
-35
Let q(r) = 4*r**3 + 44*r**2 - 3*r - 3. Calculate q(-11).
30
Let l(r) = r**3 - 18*r**2 - 18*r - 83. What is l(19)?
-64
Let o(l) = 613*l + 1853. Determine o(-3).
14
Let c(s) = 18*s**3 - 2*s**2 + 24*s + 57. Calculate c(-2).
-143
Let b(o) = -o**2 - 23*o - 64. Calculate b(-20).
-4
Let h(v) = 2*v**3 + 8*v - 8. Give h(1).
2
Let i(w) = -w**3 + 2*w**2 + 18*w - 44. Determine i(3).
1
Let d(j) = -j**3 + 9*j**2 - 10*j + 206. Calculate d(10).
6
Let s(w) = 4*w**2 - 103*w - 32. What is s(26)?
-6
Let k(v) = -v**2 + 117*v - 2627. What is k(87)?
-17
Let c(t) = -23*t + 12. Calculate c(6).
-126
Let f(u) = u**2 - 204*u + 8481. Determine f(58).
13
Let u(c) = 3*c**2 + 9*c - 4437. What is u(-40)?
3
Let n(l) = -1094*l - 18609. Calculate n(-17).
-11
Let f(p) = -2*p**3 - 3*p**2 + p - 27. Calculate f(-5).
143
Let x(f) = f**3 + 53*f**2 - 44*f - 2292. Give x(-53).
40
Let w(r) = 64*r + 53. Determine w(3).
245
Let f(z) = -12*z**2 - 148*z + 137. Calculate f(-12).
185
Let q(y) = -469*y - 545. Give q(-1).
-76
Let x(p) = 246*p - 1241. Give x(5).
-11
Let v(j) = 18*j - 991. Give v(55).
-1
Let w(t) = -305*t - 1723. Determine w(-6).
107
Let j(p) = -292*p + 4677. What is j(16)?
5
Let y(b) = 144*b + 12. Calculate y(-1).
-132
Let l(x) = -245*x + 10180. Determine l(42).
-110
Let p(z) = -7268*z - 21806. Give p(-3).
-2
Let o(b) = b**3 + 46*b**2 + 164*b - 234. What is o(-42)?
-66
Let v(w) = -w**3 + 11*w**2 + 18*w + 18. Determine v(12).
90
Let j(b) = 56*b - 3547. What is j(60)?
-187
Let c(f) = f**3 - 3*f**2 - 18*f + 57. Calculate c(4).
1
Let v(h) = 5*h**2 + 136*h + 707. Give v(-21).
56
Let l(w) = 22*w**2 - 81*w - 64. Give l(6).
242
Let k(t) = 302*t - 46. Calculate k(-1).
-348
Let c(g) = 16*g**2 + 5*g - 19. Determine c(-6).
527
Let d(z) = z**3 - 15*z**2 + 38*z - 50. Calculate d(12).
-26
Let o(x) = -x**3 + 5*x**2 + 102*x + 11. Give o(13).
-15
Let y(s) = 26*s - 74. What is y(2)?
-22
Let w(i) = 1387*i + 6931. What is w(-5)?
-4
Let u(z) = z**2 + 191*z - 5397. Calculate u(25).
3
Let x(j) = 48*j - 19. Give x(3).
125
Let x(b) = 82*b - 1084. Calculate x(13).
-18
Let b(i) = 6*i**2 - 34*i - 76. Determine b(-2).
16
Let m(l) = 7*l**2 - 111*l - 73. Calculate m(16).
-57
Let k(i) = -30*i**2 + 188*i + 2. What is k(6)?
50
Let h(p) = -4*p**3 + 10*p**2 - 28*p + 11. Give h(7).
-1067
Let d(j) = j**2 - 49*j + 463. What is d(37)?
19
Let j(a) = -a**3 + 15*a**2 - 13*a + 8. Determine j(14).
22
Let m(z) = -60*z**3 - 9*z**2 + 20*z - 10. Calculate m(1).
-59
Let a(z) = 3*z**2 - 351*z - 4234. Determine a(128).
-10
Let o(d) = -d**3 - 8*d**2 + 54*d + 269. Calculate o(-4).
-11
Let w(q) = q**2 + 7*q - 21. Calculate w(8).
99
Let a(z) = -z**3 + 14*z**2 + 911*z - 25. What is a(-24)?
-1
Let j(x) = 2*x**3 + 43*x**2 + 199*x + 76. What is j(-15)?
16
Let f(m) = 87*m - 1955. Calculate f(21).
-128
Let a(b) = -42*b - 204. Determine a(-5).
6
Let w(b) = 172*b**2 + 673*b - 67. Give w(-4).
-7
Let g(w) = -38*w - 829. Determine g(-18).
-145
Let x(y) = y**3 - 12*y**2 + 3*y - 46. Give x(13).
162
Let d(n) = 3*n**2 - 2*n - 47. Determine d(-10).
273
Let f(w) = -51*w - 13. Calculate f(-2).
89
Let p(b) = 6*b**3 + 5*b**2 - 6*b - 12. Give p(-2).
-28
Let v(f) = 2*f**3 - 359*f**2 - 547*f + 745. Give v(181).
21
Let p(t) = 9*t**2 - 6*t - 205. What is p(5)?
-10
Let r(t) = -t**2 + 93*t + 8127. What is r(-55)?
-13
Let x(v) = 2*v**3 + 19*v - 202. Give x(0).
-202
Let w(n) = -470*n - 6681. Calculate w(-14).
-101
Let w(n) = -4*n**2 + 3*n + 8. Determine w(-3).
-37
Let z(x) = 2*x**2 - 74*x - 114. What is z(39)?
42
Let c(z) = -z**2 + 50*z - 454. Calculate c(38).
2
Let o(i) = 515*i**2 - 499*i + 1. Determine o(1).
17
Let k(c) = -23*c - 20. What is k(1)?
-43
Let a(q) = -q**3 + 20*q**2 + q - 28. Determine a(20).
-8
Let k(i) = -i**2 - 74*i - 667. Determine k(-29).
638
Let k(l) = -479*l - 26349. What is k(-55)?
-4
Let r(y) = y**3 + 37*y**2 + 117*y + 2921. Calculate r(-36).
5
Let c(f) = 45*f - 243. Give c(11).
252
Let r(g) = g**2 + 6*g - 19. Determine r(-12).
53
Let q(t) = 9*t**3 - 289*t**2 + 33*t - 68. What is q(32)?
-36
Let o(t) = 46*t - 927. Determine o(35).
683
Let c(m) = 4*m**2 - 21*m - 194. Determine c(-5).
11
Let f(t) = 19*t + 172. Give f(-6).
58
Let i(x) = -175*x - 15918. Calculate i(-91).
7
Let n(c) = c**3 + 21*c**2 + 87*c - 147. What is n(-14)?
7
Let v(f) = 20*f**3 + 3*f**2 - 5*f + 3. Determine v(1).
21
Let i(u) = u**2 - 46*u + 248.